base 16) to base 8
4753
What is 1251413 (base 6) in base 10?
69057
100010101101 (base 2) to base 9
3037
-20792 (base 11) to base 14
-b034
What is -7a6a (base 11) in base 7?
-42625
What is 6115 (base 10) in base 6?
44151
What is -1602 (base 8) in base 10?
-898
Convert 1102012102 (base 3) to base 6.
332532
Convert 317 (base 11) to base 5.
3011
What is -1178 (base 11) in base 3?
-2002221
What is -11ba2 (base 14) in base 6?
-533110
122003 (base 4) to base 12
b6b
Convert -4726 (base 11) to base 14.
-238b
Convert -29 (base 11) to base 7.
-43
What is 3efe (base 16) in base 2?
11111011111110
What is -24f (base 16) in base 7?
-1503
What is 368 (base 11) in base 12?
305
Convert -34551 (base 8) to base 2.
-11100101101001
Convert 2538 (base 13) to base 3.
21020210
6 (base 11) to base 12
6
What is -260 (base 9) in base 4?
-3120
Convert -1100001000111 (base 2) to base 5.
-144330
Convert 11101110111100 (base 2) to base 13.
6c64
What is -3863 (base 11) in base 3?
-20220022
Convert -11204 (base 5) to base 11.
-671
Convert -201201012 (base 3) to base 4.
-3200201
Convert 2d4b (base 15) to base 8.
23022
What is -c26 (base 13) in base 6?
-13312
What is 14d (base 15) in base 11?
251
-294 (base 14) to base 10
-522
What is -2539 (base 13) in base 3?
-21020211
What is 1010001011100 (base 2) in base 5?
131322
145 (base 15) to base 11
244
-409 (base 15) to base 2
-1110001101
What is -1023 (base 16) in base 2?
-1000000100011
15137 (base 9) to base 5
312241
Convert -ca5 (base 13) to base 15.
-993
Convert 111101000011 (base 2) to base 7.
14251
Convert -134 (base 12) to base 14.
-d2
What is -111100111000001 (base 2) in base 6?
-400145
What is 5886 (base 9) in base 13?
1cb3
What is 16aa (base 14) in base 9?
5522
What is 423332 (base 5) in base 16?
3789
What is -1101 (base 3) in base 7?
-52
bcc (base 14) to base 2
100100100000
What is 21272 (base 8) in base 14?
3350
1110011 (base 2) to base 10
115
95d (base 14) to base 11
142a
Convert -10000000001111 (base 2) to base 12.
-48bb
-29416 (base 10) to base 11
-20112
What is 130102 (base 4) in base 7?
5164
What is -911 (base 10) in base 11?
-759
6238 (base 9) to base 4
1013123
Convert -650 (base 13) to base 12.
-75b
Convert 3142 (base 8) to base 16.
662
Convert 313 (base 15) to base 11.
580
-1101001010100110 (base 2) to base 9
-81867
Convert 7606 (base 9) to base 14.
2079
What is -41e (base 16) in base 3?
-1110001
Convert a886 (base 14) to base 7.
150626
What is -1371 (base 8) in base 14?
-3c5
1312013 (base 5) to base 13
ba20
What is -1110100 (base 2) in base 13?
-8c
11101220 (base 3) to base 10
3210
-16995 (base 10) to base 8
-41143
Convert 1024244 (base 5) to base 11.
12123
-10666 (base 11) to base 4
-3301033
Convert e96 (base 15) to base 14.
12b1
What is -112433 (base 7) in base 16?
-4e92
Convert -a359 (base 11) to base 5.
-414422
Convert -211442 (base 6) to base 15.
-518e
Convert 73a (base 11) to base 9.
1188
What is -10dad (base 14) in base 2?
-1010000010011101
-552 (base 8) to base 5
-2422
What is -6553 (base 9) in base 6?
-34203
What is -7077 (base 9) in base 6?
-35541
Convert 5012 (base 13) to base 14.
401a
What is 534341 (base 6) in base 12?
213b1
What is -2260 (base 8) in base 5?
-14300
-11470 (base 8) to base 16
-1338
What is 226 (base 13) in base 10?
370
Convert 3231 (base 5) to base 3.
121100
Convert -898a (base 15) to base 9.
-43884
Convert -1312211 (base 4) to base 13.
-35ba
457 (base 13) to base 7
2116
2204410 (base 5) to base 12
1a075
22565 (base 9) to base 8
35304
-10011111001 (base 2) to base 14
-66d
-250a (base 12) to base 8
-10132
What is -54526 (base 9) in base 14?
-d262
10071 (base 12) to base 7
114463
Convert 6601 (base 13) to base 16.
3775
What is -14041 (base 10) in base 5?
-422131
What is 2c3a (base 13) in base 14?
2503
Convert 441 (base 10) to base 11.
371
-55a5 (base 11) to base 10
-7375
What is -2102123 (base 4) in base 5?
-244441
Convert 1432 (base 7) to base 5.
4222
What is 113752 (base 9) in base 3?
10110211202
What is -6aab (base 12) in base 11?
-8a74
Convert 201114 (base 6) to base 15.
4a44
27a63 (base 11) to base 15
bc38
Convert -2321 (base 7) to base 9.
-1142
3d (base 14) to base 8
67
What is -526 (base 9) in base 4?
-12231
-2332113 (base 4) to base 5
-342213
244344 (base 5) to base 7
36154
What is 239aa (base 11) in base 8?
103264
-271c (base 13) to base 7
-22222
-37312 (base 8) to base 9
-24040
Convert a891 (base 14) to base 15.
8975
-1327 (base 12) to base 15
-9b1
What is 333 (base 5) in base 8?
135
554 (base 13) to base 9
1225
-11110010110 (base 2) to base 7
-5443
Convert 720 (base 12) to base 16.
408
Convert 1652 (base 8) to base 6.
4202
88d (base 14) to base 15
77d
Convert 2033 (base 6) to base 16.
1c5
What is 16d (base 16) in base 12?
265
Convert -42a0 (base 11) to base 7.
-22356
What is 201221 (base 4) in base 13?
c98
Convert 66 (base 14) to base 13.
6c
What is -43808 (base 11) in base 2?
-1111100000101101
What is 7516 (base 9) in base 8?
12623
What is 12198 (base 10) in base 4?
2332212
-430 (base 5) to base 11
-a5
Convert -3055 (base 6) to base 10.
-683
210221 (base 3) to base 9
727
What is 221102 (base 6) in base 5?
1042043
What is 13745 (base 10) in base 11?
a366
What is -30185 (base 9) in base 12?
-b595
2022122 (base 3) to base 7
4634
1010210 (base 4) to base 6
32152
What is -51417 (base 8) in base 13?
-98a8
What is 1fa2 (base 16) in base 4?
1332202
What is -2300 (base 5) in base 16?
-145
What is 307e (base 16) in base 10?
12414
Convert -33424 (base 6) to base 10.
-4696
-25552 (base 7) to base 12
-3b27
1111 (base 13) to base 2
100101001100
What is -20410 (base 5) in base 13?
-803
3ac5 (base 14) to base 13
4944
What is 880b (base 13) in base 5?
1101224
Convert -516 (base 14) to base 7.
-2626
11655 (base 8) to base 15
175c
Convert 13434 (base 5) to base 16.
45f
34715 (base 8) to base 5
433142
What is -343444 (base 5) in base 6?
-133142
Convert -c95 (base 16) to base 15.
-e4b
Convert -546c (base 14) to base 9.
-22022
-7365 (base 12) to base 11
-951a
1c4 (base 16) to base 8
704
What is 21530 (base 6) in base 15?
d56
What is 204310 (base 5) in base 16?
1aae
Convert 4a9 (base 14) to base 5.
12213
10010220202 (base 3) to base 5
3440104
153 (base 6) to base 10
69
-120405 (base 7) to base 14
-7d3c
-3220 (base 4) to base 7
-451
What is 35ba (base 13) in base 11?
577a
Convert -201327 (base 8) to base 15.
-14978
-a763 (base 13) to base 8
-55302
1001 (base 9) to base 16
2da
b0f (base 16) to base 7
11153
What is 100100011 (base 2) in base 13?
195
What is 1100111110001001 (base 2) in base 7?
310616
What is -677 (base 9) in base 8?
-1054
Convert -a93 (base 11) to base 16.
-520
Convert 279 (base 15) to base 12.
3b0
-506 (base 8) to base 9
-402
1250 (base 6) to base 15
163
What is -299 (base 16) in base 7?
-1640
What is -2222212 (base 3) in base 2?
-100010000111
Convert -96e7 (base 15) to base 3.
-1121211001
What is 123 (base 5) in base 15?
28
-1604 (base 9) to base 11
-a09
Convert -115225 (base 6) to base 3.
-112001022
Convert 1058 (base 14) to base 7.
11141
367 (base 11) to base 2
110110100
-15693 (base 13) to base 9
-61720
Convert 5cb0 (base 13) to base 11.
9980
134232 (base 5) to base 9
7565
What is 13303 (base 10) in base 16?
33f7
What is 19144 (base 12) in base 3?
1212001021
-fc8 (base 16) to base 15
-12e5
Convert -10440 (base 5) to base 7.
-2113
16873 (base 12) to base 2
111111001010111
-594 (base 11) to base 15
-323
What is -31 (base 15) in base 11?
-42
What is -442 (base 7) in base 12?
-16a
What is -1632 (base 16) in base 11?
-42a6
-102022211 (base 3) to base 9
-12284
What is 5c6 (base 14) in base 15?
51e
What is 413 (base 6) in base 12?
109
What is -1e3 (base 16) in base 15?
-223
c64 (base 14) to base 2
100110001000
Convert 797 (base 12) to base 15.
4ed
444322 (base 5) to base 11
10790
30321 (base 4) to base 3
1010120
Convert 1021311 (base 4) to base 9.
6430
What is -10646 (base 7) in base 16?
-aa9
Convert 1400022 (base 5) to base 15.
850c
Convert 11000100101101 (base 2) to base 3.
122021021
32204 (base 6) to base 5
120041
What is -74b (base 12) in base 7?
-3053
What is -1cb (base 13) in base 14?
-1a0
Convert 101001110111 (base 2) to base 12.
1673
Convert -101000100101 (base 2) to base 12.
-1605
-11001101101110 (base 2) to base 15
-3d7b
Convert -1353 (base 9) to base 7.
-2655
Convert 23